{"id":1180,"date":"2024-05-29T16:12:16","date_gmt":"2024-05-29T13:12:16","guid":{"rendered":"https:\/\/damlazenar.com\/invisalign-orthodontie-sans-fil\/"},"modified":"2024-06-03T23:53:25","modified_gmt":"2024-06-03T20:53:25","slug":"invisalign-orthodontie-sans-fil","status":"publish","type":"page","link":"https:\/\/damlazenar.com\/fr\/invisalign-orthodontie-sans-fil\/","title":{"rendered":"Invisalign (orthodontie sans fil)"},"content":{"rendered":"\n<div class=\"wp-block-media-text is-stacked-on-mobile\" style=\"grid-template-columns:58% auto\"><figure class=\"wp-block-media-text__media\"><img data-recalc-dims=\"1\" fetchpriority=\"high\" decoding=\"async\" width=\"900\" height=\"620\" src=\"https:\/\/i0.wp.com\/damlazenar.com\/wp-content\/uploads\/2024\/05\/1-24.jpg?resize=900%2C620&#038;ssl=1\" alt=\"\" class=\"wp-image-224 size-full\" srcset=\"https:\/\/i0.wp.com\/damlazenar.com\/wp-content\/uploads\/2024\/05\/1-24.jpg?w=900&amp;ssl=1 900w, https:\/\/i0.wp.com\/damlazenar.com\/wp-content\/uploads\/2024\/05\/1-24.jpg?resize=300%2C207&amp;ssl=1 300w, https:\/\/i0.wp.com\/damlazenar.com\/wp-content\/uploads\/2024\/05\/1-24.jpg?resize=768%2C529&amp;ssl=1 768w\" sizes=\"(max-width: 900px) 100vw, 900px\" \/><\/figure><div class=\"wp-block-media-text__content\">\n<p class=\"wp-block-paragraph\">Chez les patients n\u00e9cessitant une intervention orthodontique, si le cas s&rsquo;y pr\u00eate, l&rsquo;encombrement peut \u00eatre corrig\u00e9 \u00e0 l&rsquo;<strong>aide de moules transparents <\/strong>sans brackets ni fils. Il est n\u00e9cessaire d&rsquo;utiliser ces moules sp\u00e9cifiques au patient, qui seront chang\u00e9s toutes les deux semaines, pendant environ 20 heures par jour.  <\/p>\n\n\n\n<p class=\"wp-block-paragraph\">La dur\u00e9e du traitement varie entre 2 et 24 mois selon les cas. Pendant cette p\u00e9riode, les goutti\u00e8res ne doivent \u00eatre <strong>retir\u00e9es<\/strong> que <strong>pour manger, boire ou se brosser les dents<\/strong>.<\/p>\n\n\n\n<p class=\"wp-block-paragraph\">Dans le cadre du traitement, une <strong>nouvelle goutti\u00e8re est ins\u00e9r\u00e9e apr\u00e8s<\/strong> environ <strong>deux semaines<\/strong>. La nouvelle goutti\u00e8re pr\u00e9sente de l\u00e9g\u00e8res diff\u00e9rences par rapport \u00e0 l&rsquo;ancienne, ce qui permet de redresser les dents. La pose de goutti\u00e8res correctrices est une \u00e9tape vers une meilleure apparence des dents.<\/p>\n<\/div><\/div>\n\n<p class=\"wp-block-paragraph\"><\/p>\n","protected":false},"excerpt":{"rendered":"<p>Chez les patients n\u00e9cessitant une intervention orthodontique, si le cas s&rsquo;y pr\u00eate, l&rsquo;encombrement peut \u00eatre corrig\u00e9 \u00e0 l&rsquo;aide de moules transparents sans brackets ni fils. Il est n\u00e9cessaire d&rsquo;utiliser ces moules sp\u00e9cifiques au patient, qui seront chang\u00e9s toutes les deux semaines, pendant environ 20 heures par jour. La dur\u00e9e du traitement varie entre 2 et [&hellip;]<\/p>\n","protected":false},"author":251217416,"featured_media":939,"parent":0,"menu_order":0,"comment_status":"closed","ping_status":"closed","template":"","meta":{"advanced_seo_description":"","jetpack_seo_html_title":"","jetpack_seo_noindex":false,"jetpack_seo_schema_type":"","_wpcom_ai_launchpad_about_page":false,"_wpcom_ai_launchpad_gallery_page":false,"_wpcom_ai_launchpad_contact_page":false,"_wpcom_ai_launchpad_events_page":false,"_wpcom_ai_launchpad_video_page":false,"_wpcom_ai_launchpad_portfolio_piece":false,"footnotes":""},"class_list":["post-1180","page","type-page","status-publish","has-post-thumbnail","hentry"],"jetpack_likes_enabled":true,"jetpack_shortlink":"https:\/\/wp.me\/PfO3hG-j2","jetpack-related-posts":[{"id":1252,"url":"https:\/\/damlazenar.com\/fr\/orthodontie-traitement-par-appareil-dentaire\/","url_meta":{"origin":1180,"position":0},"title":"Orthodontie (traitement par appareil dentaire)","author":"Damla Zenar","date":"29 mai 2024","format":false,"excerpt":"L'orthodontie est la branche de l'odontologie qui s'occupe du diagnostic et du traitement des irr\u00e9gularit\u00e9s dentaires et faciales. Contrairement \u00e0 la pratique g\u00e9n\u00e9rale de l'odontologie, il s'agit d'une branche de la science avec des proc\u00e9dures de traitement plus sp\u00e9cifiques et qui doivent \u00eatre appliqu\u00e9es par des sp\u00e9cialistes de cette branche.\u2026","rel":"","context":"Article similaire","block_context":{"text":"Article similaire","link":""},"img":{"alt_text":"","src":"https:\/\/i0.wp.com\/damlazenar.com\/wp-content\/uploads\/2024\/05\/1-1.jpg?fit=900%2C620&ssl=1&resize=350%2C200","width":350,"height":200,"srcset":"https:\/\/i0.wp.com\/damlazenar.com\/wp-content\/uploads\/2024\/05\/1-1.jpg?fit=900%2C620&ssl=1&resize=350%2C200 1x, https:\/\/i0.wp.com\/damlazenar.com\/wp-content\/uploads\/2024\/05\/1-1.jpg?fit=900%2C620&ssl=1&resize=525%2C300 1.5x, https:\/\/i0.wp.com\/damlazenar.com\/wp-content\/uploads\/2024\/05\/1-1.jpg?fit=900%2C620&ssl=1&resize=700%2C400 2x"},"classes":[]},{"id":1182,"url":"https:\/\/damlazenar.com\/fr\/procedures-chirurgicales-et-implants\/","url_meta":{"origin":1180,"position":1},"title":"Proc\u00e9dures chirurgicales et implants","author":"Damla Zenar","date":"29 mai 2024","format":false,"excerpt":"Les proc\u00e9dures chirurgicales dans notre clinique ; la chirurgie buccale, dentaire et maxillo-faciale sont effectu\u00e9es par nos m\u00e9decins sp\u00e9cialistes. Les interventions chirurgicales sont pratiqu\u00e9es sous anesth\u00e9sie locale dans notre clinique ou sous s\u00e9dation\/anesth\u00e9sie g\u00e9n\u00e9rale dans les h\u00f4pitaux sous contrat, en fonction du type d'intervention \u00e0 effectuer et des pr\u00e9f\u00e9rences de\u2026","rel":"","context":"Article similaire","block_context":{"text":"Article similaire","link":""},"img":{"alt_text":"","src":"https:\/\/i0.wp.com\/damlazenar.com\/wp-content\/uploads\/2024\/05\/1-25.jpg?fit=900%2C620&ssl=1&resize=350%2C200","width":350,"height":200,"srcset":"https:\/\/i0.wp.com\/damlazenar.com\/wp-content\/uploads\/2024\/05\/1-25.jpg?fit=900%2C620&ssl=1&resize=350%2C200 1x, https:\/\/i0.wp.com\/damlazenar.com\/wp-content\/uploads\/2024\/05\/1-25.jpg?fit=900%2C620&ssl=1&resize=525%2C300 1.5x, https:\/\/i0.wp.com\/damlazenar.com\/wp-content\/uploads\/2024\/05\/1-25.jpg?fit=900%2C620&ssl=1&resize=700%2C400 2x"},"classes":[]},{"id":1352,"url":"https:\/\/damlazenar.com\/fr\/esthetique-gingivale\/","url_meta":{"origin":1180,"position":2},"title":"Esth\u00e9tique gingivale","author":"Damla Zenar","date":"29 mai 2024","format":false,"excerpt":"La sant\u00e9 et l'aspect visuel du tissu gingival entourant la dent sont aussi importants que l'aspect des dents en termes d'esth\u00e9tique. Quelle que soit la beaut\u00e9 de nos dents, une mauvaise sant\u00e9 ou un probl\u00e8me esth\u00e9tique au niveau des gencives donnera toujours une image n\u00e9gative. Le probl\u00e8me le plus courant\u2026","rel":"","context":"Article similaire","block_context":{"text":"Article similaire","link":""},"img":{"alt_text":"","src":"https:\/\/i0.wp.com\/damlazenar.com\/wp-content\/uploads\/2024\/05\/2-1.jpg?resize=350%2C200&ssl=1","width":350,"height":200,"srcset":"https:\/\/i0.wp.com\/damlazenar.com\/wp-content\/uploads\/2024\/05\/2-1.jpg?resize=350%2C200&ssl=1 1x, https:\/\/i0.wp.com\/damlazenar.com\/wp-content\/uploads\/2024\/05\/2-1.jpg?resize=525%2C300&ssl=1 1.5x, https:\/\/i0.wp.com\/damlazenar.com\/wp-content\/uploads\/2024\/05\/2-1.jpg?resize=700%2C400&ssl=1 2x"},"classes":[]},{"id":1348,"url":"https:\/\/damlazenar.com\/fr\/smile-design\/","url_meta":{"origin":1180,"position":3},"title":"Smile Design","author":"Damla Zenar","date":"29 mai 2024","format":false,"excerpt":"Selon des \u00e9tudes, la premi\u00e8re chose que les gens regardent lorsqu'ils se rencontrent est votre sourire. Si le sourire n'est pas harmonieux, votre regard se porte imm\u00e9diatement sur les dents de la personne. Nous le faisons tous, cela fait partie de notre nature sociale. Dans un sourire harmonieux, votre cerveau\u2026","rel":"","context":"Article similaire","block_context":{"text":"Article similaire","link":""},"img":{"alt_text":"","src":"https:\/\/i0.wp.com\/damlazenar.com\/wp-content\/uploads\/2024\/05\/4-2.jpg?resize=350%2C200&ssl=1","width":350,"height":200,"srcset":"https:\/\/i0.wp.com\/damlazenar.com\/wp-content\/uploads\/2024\/05\/4-2.jpg?resize=350%2C200&ssl=1 1x, https:\/\/i0.wp.com\/damlazenar.com\/wp-content\/uploads\/2024\/05\/4-2.jpg?resize=525%2C300&ssl=1 1.5x, https:\/\/i0.wp.com\/damlazenar.com\/wp-content\/uploads\/2024\/05\/4-2.jpg?resize=700%2C400&ssl=1 2x"},"classes":[]},{"id":1176,"url":"https:\/\/damlazenar.com\/fr\/traitement-des-gencives-parodontologie\/","url_meta":{"origin":1180,"position":4},"title":"Traitement des gencives (Parodontologie)","author":"Damla Zenar","date":"29 mai 2024","format":false,"excerpt":"Les maladies parodontales sont des maladies qui affectent les gencives et tous les autres tissus adjacents aux dents. Les maladies parodontales sont responsables de 70 % des pertes de dents chez les adultes. Au premier stade de la gingivite, appel\u00e9 \"gingivite\", seules les gencives sont touch\u00e9es. Pendant cette p\u00e9riode, les\u2026","rel":"","context":"Article similaire","block_context":{"text":"Article similaire","link":""},"img":{"alt_text":"","src":"https:\/\/i0.wp.com\/damlazenar.com\/wp-content\/uploads\/2024\/05\/1-22.jpg?resize=350%2C200&ssl=1","width":350,"height":200,"srcset":"https:\/\/i0.wp.com\/damlazenar.com\/wp-content\/uploads\/2024\/05\/1-22.jpg?resize=350%2C200&ssl=1 1x, https:\/\/i0.wp.com\/damlazenar.com\/wp-content\/uploads\/2024\/05\/1-22.jpg?resize=525%2C300&ssl=1 1.5x, https:\/\/i0.wp.com\/damlazenar.com\/wp-content\/uploads\/2024\/05\/1-22.jpg?resize=700%2C400&ssl=1 2x"},"classes":[]},{"id":1322,"url":"https:\/\/damlazenar.com\/fr\/stratifies-en-porcelaine\/","url_meta":{"origin":1180,"position":5},"title":"Stratifi\u00e9s en porcelaine","author":"Damla Zenar","date":"29 mai 2024","format":false,"excerpt":"Qu'est-ce que la facette en porcelaine (facette stratifi\u00e9e) ? Il s'agit de feuilles de porcelaine tr\u00e8s fines coll\u00e9es sur les faces avant des dents. Tout le monde m\u00e9rite un beau sourire. Les stratifi\u00e9s en porcelaine sont des restaurations esth\u00e9tiques, protectrices et durables qui peuvent \u00eatre r\u00e9alis\u00e9es sans pratiquement aucune intervention\u2026","rel":"","context":"Article similaire","block_context":{"text":"Article similaire","link":""},"img":{"alt_text":"","src":"https:\/\/i0.wp.com\/damlazenar.com\/wp-content\/uploads\/2024\/05\/1-13.jpg?fit=900%2C620&ssl=1&resize=350%2C200","width":350,"height":200,"srcset":"https:\/\/i0.wp.com\/damlazenar.com\/wp-content\/uploads\/2024\/05\/1-13.jpg?fit=900%2C620&ssl=1&resize=350%2C200 1x, https:\/\/i0.wp.com\/damlazenar.com\/wp-content\/uploads\/2024\/05\/1-13.jpg?fit=900%2C620&ssl=1&resize=525%2C300 1.5x, https:\/\/i0.wp.com\/damlazenar.com\/wp-content\/uploads\/2024\/05\/1-13.jpg?fit=900%2C620&ssl=1&resize=700%2C400 2x"},"classes":[]}],"jetpack_sharing_enabled":true,"_links":{"self":[{"href":"https:\/\/damlazenar.com\/fr\/wp-json\/wp\/v2\/pages\/1180","targetHints":{"allow":["GET"]}}],"collection":[{"href":"https:\/\/damlazenar.com\/fr\/wp-json\/wp\/v2\/pages"}],"about":[{"href":"https:\/\/damlazenar.com\/fr\/wp-json\/wp\/v2\/types\/page"}],"author":[{"embeddable":true,"href":"https:\/\/damlazenar.com\/fr\/wp-json\/wp\/v2\/users\/251217416"}],"replies":[{"embeddable":true,"href":"https:\/\/damlazenar.com\/fr\/wp-json\/wp\/v2\/comments?post=1180"}],"version-history":[{"count":1,"href":"https:\/\/damlazenar.com\/fr\/wp-json\/wp\/v2\/pages\/1180\/revisions"}],"predecessor-version":[{"id":1181,"href":"https:\/\/damlazenar.com\/fr\/wp-json\/wp\/v2\/pages\/1180\/revisions\/1181"}],"wp:featuredmedia":[{"embeddable":true,"href":"https:\/\/damlazenar.com\/fr\/wp-json\/wp\/v2\/media\/939"}],"wp:attachment":[{"href":"https:\/\/damlazenar.com\/fr\/wp-json\/wp\/v2\/media?parent=1180"}],"curies":[{"name":"wp","href":"https:\/\/api.w.org\/{rel}","templated":true}]}}

<div class="wp-block-media-text is-stacked-on-mobile" style="grid-template-columns:58% auto"><figure class="wp-block-media-text__media"><img data-recalc-dims="1" fetchpriority="high" decoding="async" width="900" height="620" src="https://i0.wp.com/damlazenar.com/wp-content/uploads/2024/05/1-24.jpg?resize=900%2C620&#038;ssl=1" alt="" class="wp-image-224 size-full" srcset="https://i0.wp.com/damlazenar.com/wp-content/uploads/2024/05/1-24.jpg?w=900&amp;ssl=1 900w, https://i0.wp.com/damlazenar.com/wp-content/uploads/2024/05/1-24.jpg?resize=300%2C207&amp;ssl=1 300w, https://i0.wp.com/damlazenar.com/wp-content/uploads/2024/05/1-24.jpg?resize=768%2C529&amp;ssl=1 768w" sizes="(max-width: 900px) 100vw, 900px" /></figure><div class="wp-block-media-text__content">
<p class="wp-block-paragraph">Chez les patients nécessitant une intervention orthodontique, si le cas s&rsquo;y prête, l&rsquo;encombrement peut être corrigé à l&rsquo;<strong>aide de moules transparents </strong>sans brackets ni fils. Il est nécessaire d&rsquo;utiliser ces moules spécifiques au patient, qui seront changés toutes les deux semaines, pendant environ 20 heures par jour.  </p>



<p class="wp-block-paragraph">La durée du traitement varie entre 2 et 24 mois selon les cas. Pendant cette période, les gouttières ne doivent être <strong>retirées</strong> que <strong>pour manger, boire ou se brosser les dents</strong>.</p>



<p class="wp-block-paragraph">Dans le cadre du traitement, une <strong>nouvelle gouttière est insérée après</strong> environ <strong>deux semaines</strong>. La nouvelle gouttière présente de légères différences par rapport à l&rsquo;ancienne, ce qui permet de redresser les dents. La pose de gouttières correctrices est une étape vers une meilleure apparence des dents.</p>
</div></div>

<p class="wp-block-paragraph"></p>

<p>Chez les patients nécessitant une intervention orthodontique, si le cas s&rsquo;y prête, l&rsquo;encombrement peut être corrigé à l&rsquo;aide de moules transparents sans brackets ni fils. Il est nécessaire d&rsquo;utiliser ces moules spécifiques au patient, qui seront changés toutes les deux semaines, pendant environ 20 heures par jour. La durée du traitement varie entre 2 et [&hellip;]</p>

L'orthodontie est la branche de l'odontologie qui s'occupe du diagnostic et du traitement des irrégularités dentaires et faciales. Contrairement à la pratique générale de l'odontologie, il s'agit d'une branche de la science avec des procédures de traitement plus spécifiques et qui doivent être appliquées par des spécialistes de cette branche.…

Procédures chirurgicales et implants

Les procédures chirurgicales dans notre clinique ; la chirurgie buccale, dentaire et maxillo-faciale sont effectuées par nos médecins spécialistes. Les interventions chirurgicales sont pratiquées sous anesthésie locale dans notre clinique ou sous sédation/anesthésie générale dans les hôpitaux sous contrat, en fonction du type d'intervention à effectuer et des préférences de…

Esthétique gingivale

La santé et l'aspect visuel du tissu gingival entourant la dent sont aussi importants que l'aspect des dents en termes d'esthétique. Quelle que soit la beauté de nos dents, une mauvaise santé ou un problème esthétique au niveau des gencives donnera toujours une image négative. Le problème le plus courant…

Selon des études, la première chose que les gens regardent lorsqu'ils se rencontrent est votre sourire. Si le sourire n'est pas harmonieux, votre regard se porte immédiatement sur les dents de la personne. Nous le faisons tous, cela fait partie de notre nature sociale. Dans un sourire harmonieux, votre cerveau…

Les maladies parodontales sont des maladies qui affectent les gencives et tous les autres tissus adjacents aux dents. Les maladies parodontales sont responsables de 70 % des pertes de dents chez les adultes. Au premier stade de la gingivite, appelé "gingivite", seules les gencives sont touchées. Pendant cette période, les…

Stratifiés en porcelaine

Qu'est-ce que la facette en porcelaine (facette stratifiée) ? Il s'agit de feuilles de porcelaine très fines collées sur les faces avant des dents. Tout le monde mérite un beau sourire. Les stratifiés en porcelaine sont des restaurations esthétiques, protectrices et durables qui peuvent être réalisées sans pratiquement aucune intervention…
