{"id":1262,"date":"2024-05-29T14:39:52","date_gmt":"2024-05-29T11:39:52","guid":{"rendered":"https:\/\/damlazenar.com\/mousse-dentaire\/"},"modified":"2024-06-04T00:36:17","modified_gmt":"2024-06-03T21:36:17","slug":"mousse-dentaire","status":"publish","type":"page","link":"https:\/\/damlazenar.com\/fr\/mousse-dentaire\/","title":{"rendered":"Mousse dentaire"},"content":{"rendered":"\n<div class=\"wp-block-media-text is-stacked-on-mobile\" style=\"grid-template-columns:56% auto\"><figure class=\"wp-block-media-text__media\"><img data-recalc-dims=\"1\" fetchpriority=\"high\" decoding=\"async\" width=\"900\" height=\"620\" src=\"https:\/\/i0.wp.com\/damlazenar.com\/wp-content\/uploads\/2024\/05\/1-4.jpg?resize=900%2C620&#038;ssl=1\" alt=\"\" class=\"wp-image-120 size-full\" srcset=\"https:\/\/i0.wp.com\/damlazenar.com\/wp-content\/uploads\/2024\/05\/1-4.jpg?w=900&amp;ssl=1 900w, https:\/\/i0.wp.com\/damlazenar.com\/wp-content\/uploads\/2024\/05\/1-4.jpg?resize=300%2C207&amp;ssl=1 300w, https:\/\/i0.wp.com\/damlazenar.com\/wp-content\/uploads\/2024\/05\/1-4.jpg?resize=768%2C529&amp;ssl=1 768w\" sizes=\"(max-width: 900px) 100vw, 900px\" \/><\/figure><div class=\"wp-block-media-text__content\">\n<p class=\"wp-block-paragraph\">Il s&rsquo;agit d&rsquo;une cr\u00e8me \u00e0 base d&rsquo;eau, sans sucre, appliqu\u00e9e superficiellement, qui pr\u00e9vient la formation de caries en assurant l&rsquo;\u00e9quilibre acide intrabuccal. Il est recommand\u00e9 comme <strong>protecteur contre la formation de caries<\/strong> gr\u00e2ce \u00e0 la cas\u00e9ine, prot\u00e9ine du lait, et aux ions calcium et phosphate.<\/p>\n<\/div><\/div>\n\n<p class=\"wp-block-paragraph\"><\/p>\n","protected":false},"excerpt":{"rendered":"<p>Il s&rsquo;agit d&rsquo;une cr\u00e8me \u00e0 base d&rsquo;eau, sans sucre, appliqu\u00e9e superficiellement, qui pr\u00e9vient la formation de caries en assurant l&rsquo;\u00e9quilibre acide intrabuccal. Il est recommand\u00e9 comme protecteur contre la formation de caries gr\u00e2ce \u00e0 la cas\u00e9ine, prot\u00e9ine du lait, et aux ions calcium et phosphate.<\/p>\n","protected":false},"author":251217416,"featured_media":0,"parent":0,"menu_order":0,"comment_status":"closed","ping_status":"closed","template":"","meta":{"advanced_seo_description":"","jetpack_seo_html_title":"","jetpack_seo_noindex":false,"jetpack_seo_schema_type":"","_wpcom_ai_launchpad_about_page":false,"_wpcom_ai_launchpad_gallery_page":false,"_wpcom_ai_launchpad_contact_page":false,"_wpcom_ai_launchpad_events_page":false,"_wpcom_ai_launchpad_video_page":false,"_wpcom_ai_launchpad_portfolio_piece":false,"footnotes":""},"class_list":["post-1262","page","type-page","status-publish","hentry"],"jetpack_likes_enabled":true,"jetpack_shortlink":"https:\/\/wp.me\/PfO3hG-km","jetpack-related-posts":[{"id":1360,"url":"https:\/\/damlazenar.com\/fr\/dentisterie-pediatrique-pedodontie\/","url_meta":{"origin":1262,"position":0},"title":"Dentisterie p\u00e9diatrique (p\u00e9dodontie)","author":"Damla Zenar","date":"29 mai 2024","format":false,"excerpt":"Tout comme les dents permanentes, les dents de lait peuvent se carier pendant l'enfance en raison d'une mauvaise hygi\u00e8ne bucco-dentaire. Il arrive que des fractures se produisent sur les dents de lait en raison de facteurs externes tels que des chutes ou des chocs, et qu'un traitement soit n\u00e9cessaire. Les\u2026","rel":"","context":"Article similaire","block_context":{"text":"Article similaire","link":""},"img":{"alt_text":"","src":"https:\/\/i0.wp.com\/damlazenar.com\/wp-content\/uploads\/2024\/05\/3-6.jpg?resize=350%2C200&ssl=1","width":350,"height":200,"srcset":"https:\/\/i0.wp.com\/damlazenar.com\/wp-content\/uploads\/2024\/05\/3-6.jpg?resize=350%2C200&ssl=1 1x, https:\/\/i0.wp.com\/damlazenar.com\/wp-content\/uploads\/2024\/05\/3-6.jpg?resize=525%2C300&ssl=1 1.5x, https:\/\/i0.wp.com\/damlazenar.com\/wp-content\/uploads\/2024\/05\/3-6.jpg?resize=700%2C400&ssl=1 2x"},"classes":[]},{"id":1336,"url":"https:\/\/damlazenar.com\/fr\/dentisterie-restauratrice\/","url_meta":{"origin":1262,"position":1},"title":"Dentisterie restauratrice","author":"Damla Zenar","date":"29 mai 2024","format":false,"excerpt":"En dentisterie restauratrice, la carie dentaire est d\u00e9tect\u00e9e \u00e0 la suite d'un examen intraoral et radiographique, la carie est nettoy\u00e9e sans douleur sous anesth\u00e9sie locale et la cavit\u00e9 r\u00e9sultante est restaur\u00e9e \u00e0 l'aide de mat\u00e9riaux composites ou de porcelaine. Obturations en composite L'obturation en composite, utilis\u00e9e pour r\u00e9parer les dents\u2026","rel":"","context":"Article similaire","block_context":{"text":"Article similaire","link":""},"img":{"alt_text":"","src":"https:\/\/i0.wp.com\/damlazenar.com\/wp-content\/uploads\/2024\/05\/1-17.jpg?fit=900%2C620&ssl=1&resize=350%2C200","width":350,"height":200,"srcset":"https:\/\/i0.wp.com\/damlazenar.com\/wp-content\/uploads\/2024\/05\/1-17.jpg?fit=900%2C620&ssl=1&resize=350%2C200 1x, https:\/\/i0.wp.com\/damlazenar.com\/wp-content\/uploads\/2024\/05\/1-17.jpg?fit=900%2C620&ssl=1&resize=525%2C300 1.5x, https:\/\/i0.wp.com\/damlazenar.com\/wp-content\/uploads\/2024\/05\/1-17.jpg?fit=900%2C620&ssl=1&resize=700%2C400 2x"},"classes":[]},{"id":1252,"url":"https:\/\/damlazenar.com\/fr\/orthodontie-traitement-par-appareil-dentaire\/","url_meta":{"origin":1262,"position":2},"title":"Orthodontie (traitement par appareil dentaire)","author":"Damla Zenar","date":"29 mai 2024","format":false,"excerpt":"L'orthodontie est la branche de l'odontologie qui s'occupe du diagnostic et du traitement des irr\u00e9gularit\u00e9s dentaires et faciales. Contrairement \u00e0 la pratique g\u00e9n\u00e9rale de l'odontologie, il s'agit d'une branche de la science avec des proc\u00e9dures de traitement plus sp\u00e9cifiques et qui doivent \u00eatre appliqu\u00e9es par des sp\u00e9cialistes de cette branche.\u2026","rel":"","context":"Article similaire","block_context":{"text":"Article similaire","link":""},"img":{"alt_text":"","src":"https:\/\/i0.wp.com\/damlazenar.com\/wp-content\/uploads\/2024\/05\/1-1.jpg?fit=900%2C620&ssl=1&resize=350%2C200","width":350,"height":200,"srcset":"https:\/\/i0.wp.com\/damlazenar.com\/wp-content\/uploads\/2024\/05\/1-1.jpg?fit=900%2C620&ssl=1&resize=350%2C200 1x, https:\/\/i0.wp.com\/damlazenar.com\/wp-content\/uploads\/2024\/05\/1-1.jpg?fit=900%2C620&ssl=1&resize=525%2C300 1.5x, https:\/\/i0.wp.com\/damlazenar.com\/wp-content\/uploads\/2024\/05\/1-1.jpg?fit=900%2C620&ssl=1&resize=700%2C400 2x"},"classes":[]},{"id":1109,"url":"https:\/\/damlazenar.com\/fr\/traitement-dentaire-prothetique\/","url_meta":{"origin":1262,"position":3},"title":"Traitement dentaire proth\u00e9tique","author":"Damla Zenar","date":"29 mai 2024","format":false,"excerpt":"Les couronnes et ponts dentaires Dans les cas o\u00f9 les implants ne conviennent pas ou sont pr\u00e9f\u00e9rables pour les caries dentaires form\u00e9es apr\u00e8s la perte des dents, les ponts dentaires ; En cas de dommages excessifs aux dents, les couronnes dentaires sont une option appropri\u00e9e pour corriger le sourire et\u2026","rel":"","context":"Article similaire","block_context":{"text":"Article similaire","link":""},"img":{"alt_text":"","src":"https:\/\/i0.wp.com\/damlazenar.com\/wp-content\/uploads\/2024\/05\/1-21.jpg?fit=900%2C620&ssl=1&resize=350%2C200","width":350,"height":200,"srcset":"https:\/\/i0.wp.com\/damlazenar.com\/wp-content\/uploads\/2024\/05\/1-21.jpg?fit=900%2C620&ssl=1&resize=350%2C200 1x, https:\/\/i0.wp.com\/damlazenar.com\/wp-content\/uploads\/2024\/05\/1-21.jpg?fit=900%2C620&ssl=1&resize=525%2C300 1.5x, https:\/\/i0.wp.com\/damlazenar.com\/wp-content\/uploads\/2024\/05\/1-21.jpg?fit=900%2C620&ssl=1&resize=700%2C400 2x"},"classes":[]},{"id":1330,"url":"https:\/\/damlazenar.com\/fr\/blanchiment-des-dents-bleaching\/","url_meta":{"origin":1262,"position":4},"title":"Blanchiment des dents (Bleaching)","author":"Damla Zenar","date":"29 mai 2024","format":false,"excerpt":"Blanchiment des dents (Bleaching) Le blanchiment des dents est une m\u00e9thode utilis\u00e9e pour blanchir les dents qui ont chang\u00e9 de couleur pour diverses raisons ou pour \u00e9claircir la couleur de certaines dents de quelques tons. C'est une solution tr\u00e8s pratique pour les personnes qui ne sont pas satisfaites de la\u2026","rel":"","context":"Article similaire","block_context":{"text":"Article similaire","link":""},"img":{"alt_text":"","src":"https:\/\/i0.wp.com\/damlazenar.com\/wp-content\/uploads\/2024\/05\/4-1.jpg?resize=350%2C200&ssl=1","width":350,"height":200,"srcset":"https:\/\/i0.wp.com\/damlazenar.com\/wp-content\/uploads\/2024\/05\/4-1.jpg?resize=350%2C200&ssl=1 1x, https:\/\/i0.wp.com\/damlazenar.com\/wp-content\/uploads\/2024\/05\/4-1.jpg?resize=525%2C300&ssl=1 1.5x, https:\/\/i0.wp.com\/damlazenar.com\/wp-content\/uploads\/2024\/05\/4-1.jpg?resize=700%2C400&ssl=1 2x"},"classes":[]},{"id":1332,"url":"https:\/\/damlazenar.com\/fr\/revetements-metallises\/","url_meta":{"origin":1262,"position":5},"title":"Rev\u00eatements m\u00e9tallis\u00e9s","author":"Damla Zenar","date":"29 mai 2024","format":false,"excerpt":"Pourquoi devrais-je pr\u00e9f\u00e9rer l'obturation esth\u00e9tique \u00e0 l'obturation m\u00e9tallique (amalgame) ? En raison de l'\u00e9volution de la technologie dentaire, des recherches sur le suivi des patients et des attentes croissantes des patients, les obturations en m\u00e9tal\/amalgame , qui \u00e9taient beaucoup plus courantes dans le pass\u00e9, ont \u00e9t\u00e9 remplac\u00e9es par des obturations\u2026","rel":"","context":"Article similaire","block_context":{"text":"Article similaire","link":""},"img":{"alt_text":"","src":"https:\/\/i0.wp.com\/damlazenar.com\/wp-content\/uploads\/2024\/05\/3-2.jpg?resize=350%2C200&ssl=1","width":350,"height":200,"srcset":"https:\/\/i0.wp.com\/damlazenar.com\/wp-content\/uploads\/2024\/05\/3-2.jpg?resize=350%2C200&ssl=1 1x, https:\/\/i0.wp.com\/damlazenar.com\/wp-content\/uploads\/2024\/05\/3-2.jpg?resize=525%2C300&ssl=1 1.5x, https:\/\/i0.wp.com\/damlazenar.com\/wp-content\/uploads\/2024\/05\/3-2.jpg?resize=700%2C400&ssl=1 2x"},"classes":[]}],"jetpack_sharing_enabled":true,"_links":{"self":[{"href":"https:\/\/damlazenar.com\/fr\/wp-json\/wp\/v2\/pages\/1262","targetHints":{"allow":["GET"]}}],"collection":[{"href":"https:\/\/damlazenar.com\/fr\/wp-json\/wp\/v2\/pages"}],"about":[{"href":"https:\/\/damlazenar.com\/fr\/wp-json\/wp\/v2\/types\/page"}],"author":[{"embeddable":true,"href":"https:\/\/damlazenar.com\/fr\/wp-json\/wp\/v2\/users\/251217416"}],"replies":[{"embeddable":true,"href":"https:\/\/damlazenar.com\/fr\/wp-json\/wp\/v2\/comments?post=1262"}],"version-history":[{"count":1,"href":"https:\/\/damlazenar.com\/fr\/wp-json\/wp\/v2\/pages\/1262\/revisions"}],"predecessor-version":[{"id":1263,"href":"https:\/\/damlazenar.com\/fr\/wp-json\/wp\/v2\/pages\/1262\/revisions\/1263"}],"wp:attachment":[{"href":"https:\/\/damlazenar.com\/fr\/wp-json\/wp\/v2\/media?parent=1262"}],"curies":[{"name":"wp","href":"https:\/\/api.w.org\/{rel}","templated":true}]}}

<div class="wp-block-media-text is-stacked-on-mobile" style="grid-template-columns:56% auto"><figure class="wp-block-media-text__media"><img data-recalc-dims="1" fetchpriority="high" decoding="async" width="900" height="620" src="https://i0.wp.com/damlazenar.com/wp-content/uploads/2024/05/1-4.jpg?resize=900%2C620&#038;ssl=1" alt="" class="wp-image-120 size-full" srcset="https://i0.wp.com/damlazenar.com/wp-content/uploads/2024/05/1-4.jpg?w=900&amp;ssl=1 900w, https://i0.wp.com/damlazenar.com/wp-content/uploads/2024/05/1-4.jpg?resize=300%2C207&amp;ssl=1 300w, https://i0.wp.com/damlazenar.com/wp-content/uploads/2024/05/1-4.jpg?resize=768%2C529&amp;ssl=1 768w" sizes="(max-width: 900px) 100vw, 900px" /></figure><div class="wp-block-media-text__content">
<p class="wp-block-paragraph">Il s&rsquo;agit d&rsquo;une crème à base d&rsquo;eau, sans sucre, appliquée superficiellement, qui prévient la formation de caries en assurant l&rsquo;équilibre acide intrabuccal. Il est recommandé comme <strong>protecteur contre la formation de caries</strong> grâce à la caséine, protéine du lait, et aux ions calcium et phosphate.</p>
</div></div>

<p class="wp-block-paragraph"></p>

<p>Il s&rsquo;agit d&rsquo;une crème à base d&rsquo;eau, sans sucre, appliquée superficiellement, qui prévient la formation de caries en assurant l&rsquo;équilibre acide intrabuccal. Il est recommandé comme protecteur contre la formation de caries grâce à la caséine, protéine du lait, et aux ions calcium et phosphate.</p>

Dentisterie pédiatrique (pédodontie)

Tout comme les dents permanentes, les dents de lait peuvent se carier pendant l'enfance en raison d'une mauvaise hygiène bucco-dentaire. Il arrive que des fractures se produisent sur les dents de lait en raison de facteurs externes tels que des chutes ou des chocs, et qu'un traitement soit nécessaire. Les…

En dentisterie restauratrice, la carie dentaire est détectée à la suite d'un examen intraoral et radiographique, la carie est nettoyée sans douleur sous anesthésie locale et la cavité résultante est restaurée à l'aide de matériaux composites ou de porcelaine. Obturations en composite L'obturation en composite, utilisée pour réparer les dents…

L'orthodontie est la branche de l'odontologie qui s'occupe du diagnostic et du traitement des irrégularités dentaires et faciales. Contrairement à la pratique générale de l'odontologie, il s'agit d'une branche de la science avec des procédures de traitement plus spécifiques et qui doivent être appliquées par des spécialistes de cette branche.…

Traitement dentaire prothétique

Les couronnes et ponts dentaires Dans les cas où les implants ne conviennent pas ou sont préférables pour les caries dentaires formées après la perte des dents, les ponts dentaires ; En cas de dommages excessifs aux dents, les couronnes dentaires sont une option appropriée pour corriger le sourire et…

Blanchiment des dents (Bleaching) Le blanchiment des dents est une méthode utilisée pour blanchir les dents qui ont changé de couleur pour diverses raisons ou pour éclaircir la couleur de certaines dents de quelques tons. C'est une solution très pratique pour les personnes qui ne sont pas satisfaites de la…

Revêtements métallisés

Pourquoi devrais-je préférer l'obturation esthétique à l'obturation métallique (amalgame) ? En raison de l'évolution de la technologie dentaire, des recherches sur le suivi des patients et des attentes croissantes des patients, les obturations en métal/amalgame , qui étaient beaucoup plus courantes dans le passé, ont été remplacées par des obturations…
