{"id":1276,"date":"2024-05-29T14:44:32","date_gmt":"2024-05-29T11:44:32","guid":{"rendered":"https:\/\/damlazenar.com\/halitose-halitosis\/"},"modified":"2024-06-04T00:38:53","modified_gmt":"2024-06-03T21:38:53","slug":"halitose-halitosis","status":"publish","type":"page","link":"https:\/\/damlazenar.com\/fr\/halitose-halitosis\/","title":{"rendered":"Halitose (Halitosis)"},"content":{"rendered":"\n<figure class=\"wp-block-image size-full is-resized\"><img data-recalc-dims=\"1\" fetchpriority=\"high\" decoding=\"async\" width=\"900\" height=\"620\" src=\"https:\/\/i0.wp.com\/damlazenar.com\/wp-content\/uploads\/2024\/05\/1-6.jpg?resize=900%2C620&#038;ssl=1\" alt=\"\" class=\"wp-image-129\" style=\"width:713px;height:auto\" srcset=\"https:\/\/i0.wp.com\/damlazenar.com\/wp-content\/uploads\/2024\/05\/1-6.jpg?w=900&amp;ssl=1 900w, https:\/\/i0.wp.com\/damlazenar.com\/wp-content\/uploads\/2024\/05\/1-6.jpg?resize=300%2C207&amp;ssl=1 300w, https:\/\/i0.wp.com\/damlazenar.com\/wp-content\/uploads\/2024\/05\/1-6.jpg?resize=768%2C529&amp;ssl=1 768w\" sizes=\"(max-width: 900px) 100vw, 900px\" \/><\/figure>\n\n<p class=\"wp-block-paragraph\">L&rsquo;halitose <strong>est une mauvaise haleine<\/strong> provenant de la bouche ou de l&rsquo;estomac qui g\u00eane la personne et son entourage. La mauvaise haleine affecte n\u00e9gativement la vie sociale de la personne et cr\u00e9e des probl\u00e8mes de confiance en soi.<\/p>\n\n<p class=\"wp-block-paragraph\">La mauvaise haleine est en grande partie caus\u00e9e par l&rsquo;int\u00e9rieur de la bouche. <strong>Une infection buccale, une maladie gingivale avanc\u00e9e<\/strong> ou des <strong>bact\u00e9ries<\/strong> qui s&rsquo;installent dans les r\u00e9sidus alimentaires qui sont rest\u00e9s dans la bouche pendant plus de quelques heures <strong>peuvent \u00eatre \u00e0 l&rsquo;origine de la<\/strong> mauvaise haleine.<\/p>\n\n<p class=\"wp-block-paragraph\">D&rsquo;autres probl\u00e8mes syst\u00e9miques provoquent des odeurs : sinusite, diab\u00e8te (odeur d&rsquo;ac\u00e9tone), maladies de l&rsquo;estomac et de l&rsquo;intestin, insuffisance r\u00e9nale (odeur de poisson), troubles h\u00e9patiques et m\u00e9taboliques.  <\/p>\n\n<p class=\"wp-block-paragraph\">Tout d&rsquo;abord, la cause de la mauvaise haleine doit \u00eatre diagnostiqu\u00e9e et trait\u00e9e en cons\u00e9quence. L <strong>&lsquo;halitose peut \u00eatre \u00e9vit\u00e9e en augmentant le niveau d&rsquo;hygi\u00e8ne bucco-dentaire<\/strong> par le traitement des dents cari\u00e9es et des maladies des gencives, l&rsquo;extraction des dents qui doivent \u00eatre extraites et le remplacement des restaurations qui doivent \u00eatre renouvel\u00e9es.<\/p>\n\n<p class=\"wp-block-paragraph\"><\/p>\n","protected":false},"excerpt":{"rendered":"<p>L&rsquo;halitose est une mauvaise haleine provenant de la bouche ou de l&rsquo;estomac qui g\u00eane la personne et son entourage. La mauvaise haleine affecte n\u00e9gativement la vie sociale de la personne et cr\u00e9e des probl\u00e8mes de confiance en soi. La mauvaise haleine est en grande partie caus\u00e9e par l&rsquo;int\u00e9rieur de la bouche. Une infection buccale, une [&hellip;]<\/p>\n","protected":false},"author":251217416,"featured_media":0,"parent":0,"menu_order":0,"comment_status":"closed","ping_status":"closed","template":"","meta":{"advanced_seo_description":"","jetpack_seo_html_title":"","jetpack_seo_noindex":false,"jetpack_seo_schema_type":"","_wpcom_ai_launchpad_about_page":false,"_wpcom_ai_launchpad_gallery_page":false,"_wpcom_ai_launchpad_contact_page":false,"_wpcom_ai_launchpad_events_page":false,"_wpcom_ai_launchpad_video_page":false,"_wpcom_ai_launchpad_portfolio_piece":false,"footnotes":""},"class_list":["post-1276","page","type-page","status-publish","hentry"],"jetpack_likes_enabled":true,"jetpack_shortlink":"https:\/\/wp.me\/PfO3hG-kA","jetpack-related-posts":[{"id":1348,"url":"https:\/\/damlazenar.com\/fr\/smile-design\/","url_meta":{"origin":1276,"position":0},"title":"Smile Design","author":"Damla Zenar","date":"29 mai 2024","format":false,"excerpt":"Selon des \u00e9tudes, la premi\u00e8re chose que les gens regardent lorsqu'ils se rencontrent est votre sourire. Si le sourire n'est pas harmonieux, votre regard se porte imm\u00e9diatement sur les dents de la personne. Nous le faisons tous, cela fait partie de notre nature sociale. Dans un sourire harmonieux, votre cerveau\u2026","rel":"","context":"Article similaire","block_context":{"text":"Article similaire","link":""},"img":{"alt_text":"","src":"https:\/\/i0.wp.com\/damlazenar.com\/wp-content\/uploads\/2024\/05\/4-2.jpg?resize=350%2C200&ssl=1","width":350,"height":200,"srcset":"https:\/\/i0.wp.com\/damlazenar.com\/wp-content\/uploads\/2024\/05\/4-2.jpg?resize=350%2C200&ssl=1 1x, https:\/\/i0.wp.com\/damlazenar.com\/wp-content\/uploads\/2024\/05\/4-2.jpg?resize=525%2C300&ssl=1 1.5x, https:\/\/i0.wp.com\/damlazenar.com\/wp-content\/uploads\/2024\/05\/4-2.jpg?resize=700%2C400&ssl=1 2x"},"classes":[]},{"id":1360,"url":"https:\/\/damlazenar.com\/fr\/dentisterie-pediatrique-pedodontie\/","url_meta":{"origin":1276,"position":1},"title":"Dentisterie p\u00e9diatrique (p\u00e9dodontie)","author":"Damla Zenar","date":"29 mai 2024","format":false,"excerpt":"Tout comme les dents permanentes, les dents de lait peuvent se carier pendant l'enfance en raison d'une mauvaise hygi\u00e8ne bucco-dentaire. Il arrive que des fractures se produisent sur les dents de lait en raison de facteurs externes tels que des chutes ou des chocs, et qu'un traitement soit n\u00e9cessaire. Les\u2026","rel":"","context":"Article similaire","block_context":{"text":"Article similaire","link":""},"img":{"alt_text":"","src":"https:\/\/i0.wp.com\/damlazenar.com\/wp-content\/uploads\/2024\/05\/3-6.jpg?resize=350%2C200&ssl=1","width":350,"height":200,"srcset":"https:\/\/i0.wp.com\/damlazenar.com\/wp-content\/uploads\/2024\/05\/3-6.jpg?resize=350%2C200&ssl=1 1x, https:\/\/i0.wp.com\/damlazenar.com\/wp-content\/uploads\/2024\/05\/3-6.jpg?resize=525%2C300&ssl=1 1.5x, https:\/\/i0.wp.com\/damlazenar.com\/wp-content\/uploads\/2024\/05\/3-6.jpg?resize=700%2C400&ssl=1 2x"},"classes":[]},{"id":1182,"url":"https:\/\/damlazenar.com\/fr\/procedures-chirurgicales-et-implants\/","url_meta":{"origin":1276,"position":2},"title":"Proc\u00e9dures chirurgicales et implants","author":"Damla Zenar","date":"29 mai 2024","format":false,"excerpt":"Les proc\u00e9dures chirurgicales dans notre clinique ; la chirurgie buccale, dentaire et maxillo-faciale sont effectu\u00e9es par nos m\u00e9decins sp\u00e9cialistes. Les interventions chirurgicales sont pratiqu\u00e9es sous anesth\u00e9sie locale dans notre clinique ou sous s\u00e9dation\/anesth\u00e9sie g\u00e9n\u00e9rale dans les h\u00f4pitaux sous contrat, en fonction du type d'intervention \u00e0 effectuer et des pr\u00e9f\u00e9rences de\u2026","rel":"","context":"Article similaire","block_context":{"text":"Article similaire","link":""},"img":{"alt_text":"","src":"https:\/\/i0.wp.com\/damlazenar.com\/wp-content\/uploads\/2024\/05\/1-25.jpg?fit=900%2C620&ssl=1&resize=350%2C200","width":350,"height":200,"srcset":"https:\/\/i0.wp.com\/damlazenar.com\/wp-content\/uploads\/2024\/05\/1-25.jpg?fit=900%2C620&ssl=1&resize=350%2C200 1x, https:\/\/i0.wp.com\/damlazenar.com\/wp-content\/uploads\/2024\/05\/1-25.jpg?fit=900%2C620&ssl=1&resize=525%2C300 1.5x, https:\/\/i0.wp.com\/damlazenar.com\/wp-content\/uploads\/2024\/05\/1-25.jpg?fit=900%2C620&ssl=1&resize=700%2C400 2x"},"classes":[]},{"id":1330,"url":"https:\/\/damlazenar.com\/fr\/blanchiment-des-dents-bleaching\/","url_meta":{"origin":1276,"position":3},"title":"Blanchiment des dents (Bleaching)","author":"Damla Zenar","date":"29 mai 2024","format":false,"excerpt":"Blanchiment des dents (Bleaching) Le blanchiment des dents est une m\u00e9thode utilis\u00e9e pour blanchir les dents qui ont chang\u00e9 de couleur pour diverses raisons ou pour \u00e9claircir la couleur de certaines dents de quelques tons. C'est une solution tr\u00e8s pratique pour les personnes qui ne sont pas satisfaites de la\u2026","rel":"","context":"Article similaire","block_context":{"text":"Article similaire","link":""},"img":{"alt_text":"","src":"https:\/\/i0.wp.com\/damlazenar.com\/wp-content\/uploads\/2024\/05\/4-1.jpg?resize=350%2C200&ssl=1","width":350,"height":200,"srcset":"https:\/\/i0.wp.com\/damlazenar.com\/wp-content\/uploads\/2024\/05\/4-1.jpg?resize=350%2C200&ssl=1 1x, https:\/\/i0.wp.com\/damlazenar.com\/wp-content\/uploads\/2024\/05\/4-1.jpg?resize=525%2C300&ssl=1 1.5x, https:\/\/i0.wp.com\/damlazenar.com\/wp-content\/uploads\/2024\/05\/4-1.jpg?resize=700%2C400&ssl=1 2x"},"classes":[]},{"id":1252,"url":"https:\/\/damlazenar.com\/fr\/orthodontie-traitement-par-appareil-dentaire\/","url_meta":{"origin":1276,"position":4},"title":"Orthodontie (traitement par appareil dentaire)","author":"Damla Zenar","date":"29 mai 2024","format":false,"excerpt":"L'orthodontie est la branche de l'odontologie qui s'occupe du diagnostic et du traitement des irr\u00e9gularit\u00e9s dentaires et faciales. Contrairement \u00e0 la pratique g\u00e9n\u00e9rale de l'odontologie, il s'agit d'une branche de la science avec des proc\u00e9dures de traitement plus sp\u00e9cifiques et qui doivent \u00eatre appliqu\u00e9es par des sp\u00e9cialistes de cette branche.\u2026","rel":"","context":"Article similaire","block_context":{"text":"Article similaire","link":""},"img":{"alt_text":"","src":"https:\/\/i0.wp.com\/damlazenar.com\/wp-content\/uploads\/2024\/05\/1-1.jpg?fit=900%2C620&ssl=1&resize=350%2C200","width":350,"height":200,"srcset":"https:\/\/i0.wp.com\/damlazenar.com\/wp-content\/uploads\/2024\/05\/1-1.jpg?fit=900%2C620&ssl=1&resize=350%2C200 1x, https:\/\/i0.wp.com\/damlazenar.com\/wp-content\/uploads\/2024\/05\/1-1.jpg?fit=900%2C620&ssl=1&resize=525%2C300 1.5x, https:\/\/i0.wp.com\/damlazenar.com\/wp-content\/uploads\/2024\/05\/1-1.jpg?fit=900%2C620&ssl=1&resize=700%2C400 2x"},"classes":[]},{"id":1314,"url":"https:\/\/damlazenar.com\/fr\/spa-dentaire-2\/","url_meta":{"origin":1276,"position":5},"title":"SPA dentaire","author":"Damla Zenar","date":"29 mai 2024","format":false,"excerpt":"L'application du spa dentaire est r\u00e9alis\u00e9e pour une haleine fra\u00eeche, des dents blanches et des gencives saines. Traitement de spa dentaire ; Gr\u00e2ce \u00e0 la cam\u00e9ra sp\u00e9cialement con\u00e7ue pour le diagnostic des caries, vos \u00e9ventuelles caries peuvent \u00eatre diagnostiqu\u00e9es sans qu'il soit n\u00e9cessaire d'utiliser un film. L\u00e0 encore, des cam\u00e9ras\u2026","rel":"","context":"Article similaire","block_context":{"text":"Article similaire","link":""},"img":{"alt_text":"","src":"https:\/\/i0.wp.com\/damlazenar.com\/wp-content\/uploads\/2024\/05\/1-9.jpg?resize=350%2C200&ssl=1","width":350,"height":200,"srcset":"https:\/\/i0.wp.com\/damlazenar.com\/wp-content\/uploads\/2024\/05\/1-9.jpg?resize=350%2C200&ssl=1 1x, https:\/\/i0.wp.com\/damlazenar.com\/wp-content\/uploads\/2024\/05\/1-9.jpg?resize=525%2C300&ssl=1 1.5x, https:\/\/i0.wp.com\/damlazenar.com\/wp-content\/uploads\/2024\/05\/1-9.jpg?resize=700%2C400&ssl=1 2x"},"classes":[]}],"jetpack_sharing_enabled":true,"_links":{"self":[{"href":"https:\/\/damlazenar.com\/fr\/wp-json\/wp\/v2\/pages\/1276","targetHints":{"allow":["GET"]}}],"collection":[{"href":"https:\/\/damlazenar.com\/fr\/wp-json\/wp\/v2\/pages"}],"about":[{"href":"https:\/\/damlazenar.com\/fr\/wp-json\/wp\/v2\/types\/page"}],"author":[{"embeddable":true,"href":"https:\/\/damlazenar.com\/fr\/wp-json\/wp\/v2\/users\/251217416"}],"replies":[{"embeddable":true,"href":"https:\/\/damlazenar.com\/fr\/wp-json\/wp\/v2\/comments?post=1276"}],"version-history":[{"count":1,"href":"https:\/\/damlazenar.com\/fr\/wp-json\/wp\/v2\/pages\/1276\/revisions"}],"predecessor-version":[{"id":1277,"href":"https:\/\/damlazenar.com\/fr\/wp-json\/wp\/v2\/pages\/1276\/revisions\/1277"}],"wp:attachment":[{"href":"https:\/\/damlazenar.com\/fr\/wp-json\/wp\/v2\/media?parent=1276"}],"curies":[{"name":"wp","href":"https:\/\/api.w.org\/{rel}","templated":true}]}}

<figure class="wp-block-image size-full is-resized"><img data-recalc-dims="1" fetchpriority="high" decoding="async" width="900" height="620" src="https://i0.wp.com/damlazenar.com/wp-content/uploads/2024/05/1-6.jpg?resize=900%2C620&#038;ssl=1" alt="" class="wp-image-129" style="width:713px;height:auto" srcset="https://i0.wp.com/damlazenar.com/wp-content/uploads/2024/05/1-6.jpg?w=900&amp;ssl=1 900w, https://i0.wp.com/damlazenar.com/wp-content/uploads/2024/05/1-6.jpg?resize=300%2C207&amp;ssl=1 300w, https://i0.wp.com/damlazenar.com/wp-content/uploads/2024/05/1-6.jpg?resize=768%2C529&amp;ssl=1 768w" sizes="(max-width: 900px) 100vw, 900px" /></figure>

<p class="wp-block-paragraph">L&rsquo;halitose <strong>est une mauvaise haleine</strong> provenant de la bouche ou de l&rsquo;estomac qui gêne la personne et son entourage. La mauvaise haleine affecte négativement la vie sociale de la personne et crée des problèmes de confiance en soi.</p>

<p class="wp-block-paragraph">La mauvaise haleine est en grande partie causée par l&rsquo;intérieur de la bouche. <strong>Une infection buccale, une maladie gingivale avancée</strong> ou des <strong>bactéries</strong> qui s&rsquo;installent dans les résidus alimentaires qui sont restés dans la bouche pendant plus de quelques heures <strong>peuvent être à l&rsquo;origine de la</strong> mauvaise haleine.</p>

<p class="wp-block-paragraph">D&rsquo;autres problèmes systémiques provoquent des odeurs : sinusite, diabète (odeur d&rsquo;acétone), maladies de l&rsquo;estomac et de l&rsquo;intestin, insuffisance rénale (odeur de poisson), troubles hépatiques et métaboliques.  </p>

<p class="wp-block-paragraph">Tout d&rsquo;abord, la cause de la mauvaise haleine doit être diagnostiquée et traitée en conséquence. L <strong>&lsquo;halitose peut être évitée en augmentant le niveau d&rsquo;hygiène bucco-dentaire</strong> par le traitement des dents cariées et des maladies des gencives, l&rsquo;extraction des dents qui doivent être extraites et le remplacement des restaurations qui doivent être renouvelées.</p>

<p class="wp-block-paragraph"></p>

<p>L&rsquo;halitose est une mauvaise haleine provenant de la bouche ou de l&rsquo;estomac qui gêne la personne et son entourage. La mauvaise haleine affecte négativement la vie sociale de la personne et crée des problèmes de confiance en soi. La mauvaise haleine est en grande partie causée par l&rsquo;intérieur de la bouche. Une infection buccale, une [&hellip;]</p>

Selon des études, la première chose que les gens regardent lorsqu'ils se rencontrent est votre sourire. Si le sourire n'est pas harmonieux, votre regard se porte immédiatement sur les dents de la personne. Nous le faisons tous, cela fait partie de notre nature sociale. Dans un sourire harmonieux, votre cerveau…

Dentisterie pédiatrique (pédodontie)

Tout comme les dents permanentes, les dents de lait peuvent se carier pendant l'enfance en raison d'une mauvaise hygiène bucco-dentaire. Il arrive que des fractures se produisent sur les dents de lait en raison de facteurs externes tels que des chutes ou des chocs, et qu'un traitement soit nécessaire. Les…

Procédures chirurgicales et implants

Les procédures chirurgicales dans notre clinique ; la chirurgie buccale, dentaire et maxillo-faciale sont effectuées par nos médecins spécialistes. Les interventions chirurgicales sont pratiquées sous anesthésie locale dans notre clinique ou sous sédation/anesthésie générale dans les hôpitaux sous contrat, en fonction du type d'intervention à effectuer et des préférences de…

Blanchiment des dents (Bleaching) Le blanchiment des dents est une méthode utilisée pour blanchir les dents qui ont changé de couleur pour diverses raisons ou pour éclaircir la couleur de certaines dents de quelques tons. C'est une solution très pratique pour les personnes qui ne sont pas satisfaites de la…

L'orthodontie est la branche de l'odontologie qui s'occupe du diagnostic et du traitement des irrégularités dentaires et faciales. Contrairement à la pratique générale de l'odontologie, il s'agit d'une branche de la science avec des procédures de traitement plus spécifiques et qui doivent être appliquées par des spécialistes de cette branche.…

L'application du spa dentaire est réalisée pour une haleine fraîche, des dents blanches et des gencives saines. Traitement de spa dentaire ; Grâce à la caméra spécialement conçue pour le diagnostic des caries, vos éventuelles caries peuvent être diagnostiquées sans qu'il soit nécessaire d'utiliser un film. Là encore, des caméras…
