{"id":1310,"date":"2024-05-29T14:47:22","date_gmt":"2024-05-29T11:47:22","guid":{"rendered":"https:\/\/damlazenar.com\/peeling-dentaire\/"},"modified":"2024-06-04T00:47:14","modified_gmt":"2024-06-03T21:47:14","slug":"peeling-dentaire","status":"publish","type":"page","link":"https:\/\/damlazenar.com\/fr\/peeling-dentaire\/","title":{"rendered":"Peeling dentaire"},"content":{"rendered":"\n<div class=\"wp-block-media-text is-stacked-on-mobile\"><figure class=\"wp-block-media-text__media\"><img data-recalc-dims=\"1\" fetchpriority=\"high\" decoding=\"async\" width=\"900\" height=\"620\" src=\"https:\/\/i0.wp.com\/damlazenar.com\/wp-content\/uploads\/2024\/05\/1-7.jpg?resize=900%2C620&#038;ssl=1\" alt=\"\" class=\"wp-image-133 size-full\" srcset=\"https:\/\/i0.wp.com\/damlazenar.com\/wp-content\/uploads\/2024\/05\/1-7.jpg?w=900&amp;ssl=1 900w, https:\/\/i0.wp.com\/damlazenar.com\/wp-content\/uploads\/2024\/05\/1-7.jpg?resize=300%2C207&amp;ssl=1 300w, https:\/\/i0.wp.com\/damlazenar.com\/wp-content\/uploads\/2024\/05\/1-7.jpg?resize=768%2C529&amp;ssl=1 768w\" sizes=\"(max-width: 900px) 100vw, 900px\" \/><\/figure><div class=\"wp-block-media-text__content\">\n<p class=\"wp-block-paragraph\">Les <strong>couleurs noires et brunes<\/strong> qui se forment dans les gencives sont totalement li\u00e9es aux cellules qui donnent de la couleur au corps et ne nuisent pas \u00e0 la sant\u00e9. Toutefois, il est possible d&rsquo;\u00e9liminer les taches qui g\u00eanent esth\u00e9tiquement les gens gr\u00e2ce au <strong>\u00ab\u00a0peeling\u00a0\u00bb<\/strong>.<\/p>\n\n\n\n<p class=\"wp-block-paragraph\">La<strong> proc\u00e9dure de peeling de la peau <\/strong>effectu\u00e9e par les dermatologues sur le visage peut \u00eatre appliqu\u00e9e \u00e0 ces zones de la bouche. La peau \u00e0 l&rsquo;int\u00e9rieur de la bouche est \u00e9galement constitu\u00e9e de couches. En amincissant et en pelant progressivement ces couches au laser, la couche color\u00e9e sup\u00e9rieure peut \u00eatre enlev\u00e9e et un <strong>aspect plus esth\u00e9tique<\/strong> peut \u00eatre obtenu.<\/p>\n<\/div><\/div>\n\n<p class=\"wp-block-paragraph\"><\/p>\n","protected":false},"excerpt":{"rendered":"<p>Les couleurs noires et brunes qui se forment dans les gencives sont totalement li\u00e9es aux cellules qui donnent de la couleur au corps et ne nuisent pas \u00e0 la sant\u00e9. Toutefois, il est possible d&rsquo;\u00e9liminer les taches qui g\u00eanent esth\u00e9tiquement les gens gr\u00e2ce au \u00ab\u00a0peeling\u00a0\u00bb. La proc\u00e9dure de peeling de la peau effectu\u00e9e par les [&hellip;]<\/p>\n","protected":false},"author":251217416,"featured_media":0,"parent":0,"menu_order":0,"comment_status":"closed","ping_status":"closed","template":"","meta":{"advanced_seo_description":"","jetpack_seo_html_title":"","jetpack_seo_noindex":false,"jetpack_seo_schema_type":"","_wpcom_ai_launchpad_about_page":false,"_wpcom_ai_launchpad_gallery_page":false,"_wpcom_ai_launchpad_contact_page":false,"_wpcom_ai_launchpad_events_page":false,"_wpcom_ai_launchpad_video_page":false,"_wpcom_ai_launchpad_portfolio_piece":false,"footnotes":""},"class_list":["post-1310","page","type-page","status-publish","hentry"],"jetpack_likes_enabled":true,"jetpack_shortlink":"https:\/\/wp.me\/PfO3hG-l8","jetpack-related-posts":[{"id":1348,"url":"https:\/\/damlazenar.com\/fr\/smile-design\/","url_meta":{"origin":1310,"position":0},"title":"Smile Design","author":"Damla Zenar","date":"29 mai 2024","format":false,"excerpt":"Selon des \u00e9tudes, la premi\u00e8re chose que les gens regardent lorsqu'ils se rencontrent est votre sourire. Si le sourire n'est pas harmonieux, votre regard se porte imm\u00e9diatement sur les dents de la personne. Nous le faisons tous, cela fait partie de notre nature sociale. Dans un sourire harmonieux, votre cerveau\u2026","rel":"","context":"Article similaire","block_context":{"text":"Article similaire","link":""},"img":{"alt_text":"","src":"https:\/\/i0.wp.com\/damlazenar.com\/wp-content\/uploads\/2024\/05\/4-2.jpg?resize=350%2C200&ssl=1","width":350,"height":200,"srcset":"https:\/\/i0.wp.com\/damlazenar.com\/wp-content\/uploads\/2024\/05\/4-2.jpg?resize=350%2C200&ssl=1 1x, https:\/\/i0.wp.com\/damlazenar.com\/wp-content\/uploads\/2024\/05\/4-2.jpg?resize=525%2C300&ssl=1 1.5x, https:\/\/i0.wp.com\/damlazenar.com\/wp-content\/uploads\/2024\/05\/4-2.jpg?resize=700%2C400&ssl=1 2x"},"classes":[]},{"id":1252,"url":"https:\/\/damlazenar.com\/fr\/orthodontie-traitement-par-appareil-dentaire\/","url_meta":{"origin":1310,"position":1},"title":"Orthodontie (traitement par appareil dentaire)","author":"Damla Zenar","date":"29 mai 2024","format":false,"excerpt":"L'orthodontie est la branche de l'odontologie qui s'occupe du diagnostic et du traitement des irr\u00e9gularit\u00e9s dentaires et faciales. Contrairement \u00e0 la pratique g\u00e9n\u00e9rale de l'odontologie, il s'agit d'une branche de la science avec des proc\u00e9dures de traitement plus sp\u00e9cifiques et qui doivent \u00eatre appliqu\u00e9es par des sp\u00e9cialistes de cette branche.\u2026","rel":"","context":"Article similaire","block_context":{"text":"Article similaire","link":""},"img":{"alt_text":"","src":"https:\/\/i0.wp.com\/damlazenar.com\/wp-content\/uploads\/2024\/05\/1-1.jpg?fit=900%2C620&ssl=1&resize=350%2C200","width":350,"height":200,"srcset":"https:\/\/i0.wp.com\/damlazenar.com\/wp-content\/uploads\/2024\/05\/1-1.jpg?fit=900%2C620&ssl=1&resize=350%2C200 1x, https:\/\/i0.wp.com\/damlazenar.com\/wp-content\/uploads\/2024\/05\/1-1.jpg?fit=900%2C620&ssl=1&resize=525%2C300 1.5x, https:\/\/i0.wp.com\/damlazenar.com\/wp-content\/uploads\/2024\/05\/1-1.jpg?fit=900%2C620&ssl=1&resize=700%2C400 2x"},"classes":[]},{"id":1330,"url":"https:\/\/damlazenar.com\/fr\/blanchiment-des-dents-bleaching\/","url_meta":{"origin":1310,"position":2},"title":"Blanchiment des dents (Bleaching)","author":"Damla Zenar","date":"29 mai 2024","format":false,"excerpt":"Blanchiment des dents (Bleaching) Le blanchiment des dents est une m\u00e9thode utilis\u00e9e pour blanchir les dents qui ont chang\u00e9 de couleur pour diverses raisons ou pour \u00e9claircir la couleur de certaines dents de quelques tons. C'est une solution tr\u00e8s pratique pour les personnes qui ne sont pas satisfaites de la\u2026","rel":"","context":"Article similaire","block_context":{"text":"Article similaire","link":""},"img":{"alt_text":"","src":"https:\/\/i0.wp.com\/damlazenar.com\/wp-content\/uploads\/2024\/05\/4-1.jpg?resize=350%2C200&ssl=1","width":350,"height":200,"srcset":"https:\/\/i0.wp.com\/damlazenar.com\/wp-content\/uploads\/2024\/05\/4-1.jpg?resize=350%2C200&ssl=1 1x, https:\/\/i0.wp.com\/damlazenar.com\/wp-content\/uploads\/2024\/05\/4-1.jpg?resize=525%2C300&ssl=1 1.5x, https:\/\/i0.wp.com\/damlazenar.com\/wp-content\/uploads\/2024\/05\/4-1.jpg?resize=700%2C400&ssl=1 2x"},"classes":[]},{"id":1332,"url":"https:\/\/damlazenar.com\/fr\/revetements-metallises\/","url_meta":{"origin":1310,"position":3},"title":"Rev\u00eatements m\u00e9tallis\u00e9s","author":"Damla Zenar","date":"29 mai 2024","format":false,"excerpt":"Pourquoi devrais-je pr\u00e9f\u00e9rer l'obturation esth\u00e9tique \u00e0 l'obturation m\u00e9tallique (amalgame) ? En raison de l'\u00e9volution de la technologie dentaire, des recherches sur le suivi des patients et des attentes croissantes des patients, les obturations en m\u00e9tal\/amalgame , qui \u00e9taient beaucoup plus courantes dans le pass\u00e9, ont \u00e9t\u00e9 remplac\u00e9es par des obturations\u2026","rel":"","context":"Article similaire","block_context":{"text":"Article similaire","link":""},"img":{"alt_text":"","src":"https:\/\/i0.wp.com\/damlazenar.com\/wp-content\/uploads\/2024\/05\/3-2.jpg?resize=350%2C200&ssl=1","width":350,"height":200,"srcset":"https:\/\/i0.wp.com\/damlazenar.com\/wp-content\/uploads\/2024\/05\/3-2.jpg?resize=350%2C200&ssl=1 1x, https:\/\/i0.wp.com\/damlazenar.com\/wp-content\/uploads\/2024\/05\/3-2.jpg?resize=525%2C300&ssl=1 1.5x, https:\/\/i0.wp.com\/damlazenar.com\/wp-content\/uploads\/2024\/05\/3-2.jpg?resize=700%2C400&ssl=1 2x"},"classes":[]},{"id":1176,"url":"https:\/\/damlazenar.com\/fr\/traitement-des-gencives-parodontologie\/","url_meta":{"origin":1310,"position":4},"title":"Traitement des gencives (Parodontologie)","author":"Damla Zenar","date":"29 mai 2024","format":false,"excerpt":"Les maladies parodontales sont des maladies qui affectent les gencives et tous les autres tissus adjacents aux dents. Les maladies parodontales sont responsables de 70 % des pertes de dents chez les adultes. Au premier stade de la gingivite, appel\u00e9 \"gingivite\", seules les gencives sont touch\u00e9es. Pendant cette p\u00e9riode, les\u2026","rel":"","context":"Article similaire","block_context":{"text":"Article similaire","link":""},"img":{"alt_text":"","src":"https:\/\/i0.wp.com\/damlazenar.com\/wp-content\/uploads\/2024\/05\/1-22.jpg?resize=350%2C200&ssl=1","width":350,"height":200,"srcset":"https:\/\/i0.wp.com\/damlazenar.com\/wp-content\/uploads\/2024\/05\/1-22.jpg?resize=350%2C200&ssl=1 1x, https:\/\/i0.wp.com\/damlazenar.com\/wp-content\/uploads\/2024\/05\/1-22.jpg?resize=525%2C300&ssl=1 1.5x, https:\/\/i0.wp.com\/damlazenar.com\/wp-content\/uploads\/2024\/05\/1-22.jpg?resize=700%2C400&ssl=1 2x"},"classes":[]},{"id":1182,"url":"https:\/\/damlazenar.com\/fr\/procedures-chirurgicales-et-implants\/","url_meta":{"origin":1310,"position":5},"title":"Proc\u00e9dures chirurgicales et implants","author":"Damla Zenar","date":"29 mai 2024","format":false,"excerpt":"Les proc\u00e9dures chirurgicales dans notre clinique ; la chirurgie buccale, dentaire et maxillo-faciale sont effectu\u00e9es par nos m\u00e9decins sp\u00e9cialistes. Les interventions chirurgicales sont pratiqu\u00e9es sous anesth\u00e9sie locale dans notre clinique ou sous s\u00e9dation\/anesth\u00e9sie g\u00e9n\u00e9rale dans les h\u00f4pitaux sous contrat, en fonction du type d'intervention \u00e0 effectuer et des pr\u00e9f\u00e9rences de\u2026","rel":"","context":"Article similaire","block_context":{"text":"Article similaire","link":""},"img":{"alt_text":"","src":"https:\/\/i0.wp.com\/damlazenar.com\/wp-content\/uploads\/2024\/05\/1-25.jpg?fit=900%2C620&ssl=1&resize=350%2C200","width":350,"height":200,"srcset":"https:\/\/i0.wp.com\/damlazenar.com\/wp-content\/uploads\/2024\/05\/1-25.jpg?fit=900%2C620&ssl=1&resize=350%2C200 1x, https:\/\/i0.wp.com\/damlazenar.com\/wp-content\/uploads\/2024\/05\/1-25.jpg?fit=900%2C620&ssl=1&resize=525%2C300 1.5x, https:\/\/i0.wp.com\/damlazenar.com\/wp-content\/uploads\/2024\/05\/1-25.jpg?fit=900%2C620&ssl=1&resize=700%2C400 2x"},"classes":[]}],"jetpack_sharing_enabled":true,"_links":{"self":[{"href":"https:\/\/damlazenar.com\/fr\/wp-json\/wp\/v2\/pages\/1310","targetHints":{"allow":["GET"]}}],"collection":[{"href":"https:\/\/damlazenar.com\/fr\/wp-json\/wp\/v2\/pages"}],"about":[{"href":"https:\/\/damlazenar.com\/fr\/wp-json\/wp\/v2\/types\/page"}],"author":[{"embeddable":true,"href":"https:\/\/damlazenar.com\/fr\/wp-json\/wp\/v2\/users\/251217416"}],"replies":[{"embeddable":true,"href":"https:\/\/damlazenar.com\/fr\/wp-json\/wp\/v2\/comments?post=1310"}],"version-history":[{"count":1,"href":"https:\/\/damlazenar.com\/fr\/wp-json\/wp\/v2\/pages\/1310\/revisions"}],"predecessor-version":[{"id":1311,"href":"https:\/\/damlazenar.com\/fr\/wp-json\/wp\/v2\/pages\/1310\/revisions\/1311"}],"wp:attachment":[{"href":"https:\/\/damlazenar.com\/fr\/wp-json\/wp\/v2\/media?parent=1310"}],"curies":[{"name":"wp","href":"https:\/\/api.w.org\/{rel}","templated":true}]}}

<div class="wp-block-media-text is-stacked-on-mobile"><figure class="wp-block-media-text__media"><img data-recalc-dims="1" fetchpriority="high" decoding="async" width="900" height="620" src="https://i0.wp.com/damlazenar.com/wp-content/uploads/2024/05/1-7.jpg?resize=900%2C620&#038;ssl=1" alt="" class="wp-image-133 size-full" srcset="https://i0.wp.com/damlazenar.com/wp-content/uploads/2024/05/1-7.jpg?w=900&amp;ssl=1 900w, https://i0.wp.com/damlazenar.com/wp-content/uploads/2024/05/1-7.jpg?resize=300%2C207&amp;ssl=1 300w, https://i0.wp.com/damlazenar.com/wp-content/uploads/2024/05/1-7.jpg?resize=768%2C529&amp;ssl=1 768w" sizes="(max-width: 900px) 100vw, 900px" /></figure><div class="wp-block-media-text__content">
<p class="wp-block-paragraph">Les <strong>couleurs noires et brunes</strong> qui se forment dans les gencives sont totalement liées aux cellules qui donnent de la couleur au corps et ne nuisent pas à la santé. Toutefois, il est possible d&rsquo;éliminer les taches qui gênent esthétiquement les gens grâce au <strong>« peeling »</strong>.</p>



<p class="wp-block-paragraph">La<strong> procédure de peeling de la peau </strong>effectuée par les dermatologues sur le visage peut être appliquée à ces zones de la bouche. La peau à l&rsquo;intérieur de la bouche est également constituée de couches. En amincissant et en pelant progressivement ces couches au laser, la couche colorée supérieure peut être enlevée et un <strong>aspect plus esthétique</strong> peut être obtenu.</p>
</div></div>

<p class="wp-block-paragraph"></p>

<p>Les couleurs noires et brunes qui se forment dans les gencives sont totalement liées aux cellules qui donnent de la couleur au corps et ne nuisent pas à la santé. Toutefois, il est possible d&rsquo;éliminer les taches qui gênent esthétiquement les gens grâce au « peeling ». La procédure de peeling de la peau effectuée par les [&hellip;]</p>

Selon des études, la première chose que les gens regardent lorsqu'ils se rencontrent est votre sourire. Si le sourire n'est pas harmonieux, votre regard se porte immédiatement sur les dents de la personne. Nous le faisons tous, cela fait partie de notre nature sociale. Dans un sourire harmonieux, votre cerveau…

L'orthodontie est la branche de l'odontologie qui s'occupe du diagnostic et du traitement des irrégularités dentaires et faciales. Contrairement à la pratique générale de l'odontologie, il s'agit d'une branche de la science avec des procédures de traitement plus spécifiques et qui doivent être appliquées par des spécialistes de cette branche.…

Blanchiment des dents (Bleaching) Le blanchiment des dents est une méthode utilisée pour blanchir les dents qui ont changé de couleur pour diverses raisons ou pour éclaircir la couleur de certaines dents de quelques tons. C'est une solution très pratique pour les personnes qui ne sont pas satisfaites de la…

Revêtements métallisés

Pourquoi devrais-je préférer l'obturation esthétique à l'obturation métallique (amalgame) ? En raison de l'évolution de la technologie dentaire, des recherches sur le suivi des patients et des attentes croissantes des patients, les obturations en métal/amalgame , qui étaient beaucoup plus courantes dans le passé, ont été remplacées par des obturations…

Les maladies parodontales sont des maladies qui affectent les gencives et tous les autres tissus adjacents aux dents. Les maladies parodontales sont responsables de 70 % des pertes de dents chez les adultes. Au premier stade de la gingivite, appelé "gingivite", seules les gencives sont touchées. Pendant cette période, les…

Procédures chirurgicales et implants

Les procédures chirurgicales dans notre clinique ; la chirurgie buccale, dentaire et maxillo-faciale sont effectuées par nos médecins spécialistes. Les interventions chirurgicales sont pratiquées sous anesthésie locale dans notre clinique ou sous sédation/anesthésie générale dans les hôpitaux sous contrat, en fonction du type d'intervention à effectuer et des préférences de…
