{"id":1314,"date":"2024-05-29T14:50:10","date_gmt":"2024-05-29T11:50:10","guid":{"rendered":"https:\/\/damlazenar.com\/spa-dentaire-2\/"},"modified":"2024-06-04T00:47:59","modified_gmt":"2024-06-03T21:47:59","slug":"spa-dentaire-2","status":"publish","type":"page","link":"https:\/\/damlazenar.com\/fr\/spa-dentaire-2\/","title":{"rendered":"SPA dentaire"},"content":{"rendered":"\n<figure class=\"wp-block-image size-full is-resized\"><img data-recalc-dims=\"1\" fetchpriority=\"high\" decoding=\"async\" width=\"900\" height=\"620\" src=\"https:\/\/i0.wp.com\/damlazenar.com\/wp-content\/uploads\/2024\/05\/1-9.jpg?resize=900%2C620&#038;ssl=1\" alt=\"\" class=\"wp-image-138\" style=\"width:736px;height:auto\" srcset=\"https:\/\/i0.wp.com\/damlazenar.com\/wp-content\/uploads\/2024\/05\/1-9.jpg?w=900&amp;ssl=1 900w, https:\/\/i0.wp.com\/damlazenar.com\/wp-content\/uploads\/2024\/05\/1-9.jpg?resize=300%2C207&amp;ssl=1 300w, https:\/\/i0.wp.com\/damlazenar.com\/wp-content\/uploads\/2024\/05\/1-9.jpg?resize=768%2C529&amp;ssl=1 768w\" sizes=\"(max-width: 900px) 100vw, 900px\" \/><\/figure>\n\n<p class=\"wp-block-paragraph\">L&rsquo;application du <strong>spa dentaire<\/strong> est r\u00e9alis\u00e9e pour une haleine fra\u00eeche, des dents blanches et des gencives saines.<\/p>\n\n<p class=\"wp-block-paragraph\"><strong>Traitement de spa dentaire ;  <\/strong><\/p>\n\n<p class=\"wp-block-paragraph\">Gr\u00e2ce \u00e0 la cam\u00e9ra sp\u00e9cialement con\u00e7ue pour le diagnostic des caries, vos \u00e9ventuelles caries peuvent \u00eatre diagnostiqu\u00e9es sans qu&rsquo;il soit n\u00e9cessaire d&rsquo;utiliser un film. L\u00e0 encore, des cam\u00e9ras intra-orales sp\u00e9cialement con\u00e7ues permettent de d\u00e9terminer s&rsquo;il existe des maladies gingivales. \u00c0 la lumi\u00e8re de ces informations, un plan de traitement personnalis\u00e9 est \u00e9tabli en recourant, si n\u00e9cessaire, \u00e0 des syst\u00e8mes d&rsquo;imagerie.<\/p>\n\n<p class=\"wp-block-paragraph\">Dans la limite des besoins ;<\/p>\n\n<ul class=\"wp-block-list\">\n<li>Les calculs dentaires sont nettoy\u00e9s.<\/li>\n\n\n\n<li>La poche gingivale est lav\u00e9e avec des solutions sp\u00e9ciales et le tartre et la plaque dans cette zone sont compl\u00e8tement \u00e9limin\u00e9s.<\/li>\n\n\n\n<li>En massant les gencives avec des solutions sp\u00e9ciales, les tissus morts sont nettoy\u00e9s et les gencives sont rafra\u00eechies.<\/li>\n\n\n\n<li>Un traitement de blanchiment des dents est appliqu\u00e9.<\/li>\n<\/ul>\n\n<p class=\"wp-block-paragraph\"><br\/>A la fin du traitement, le patient peut sentir le <strong>rafra\u00eechissement<\/strong> dans la bouche tr\u00e8s confortablement et a un <strong>sourire blanc<\/strong>.<\/p>\n\n<p class=\"wp-block-paragraph\"><\/p>\n","protected":false},"excerpt":{"rendered":"<p>L&rsquo;application du spa dentaire est r\u00e9alis\u00e9e pour une haleine fra\u00eeche, des dents blanches et des gencives saines. Traitement de spa dentaire ; Gr\u00e2ce \u00e0 la cam\u00e9ra sp\u00e9cialement con\u00e7ue pour le diagnostic des caries, vos \u00e9ventuelles caries peuvent \u00eatre diagnostiqu\u00e9es sans qu&rsquo;il soit n\u00e9cessaire d&rsquo;utiliser un film. L\u00e0 encore, des cam\u00e9ras intra-orales sp\u00e9cialement con\u00e7ues permettent de [&hellip;]<\/p>\n","protected":false},"author":251217416,"featured_media":0,"parent":0,"menu_order":0,"comment_status":"closed","ping_status":"closed","template":"","meta":{"advanced_seo_description":"","jetpack_seo_html_title":"","jetpack_seo_noindex":false,"jetpack_seo_schema_type":"","_wpcom_ai_launchpad_about_page":false,"_wpcom_ai_launchpad_gallery_page":false,"_wpcom_ai_launchpad_contact_page":false,"_wpcom_ai_launchpad_events_page":false,"_wpcom_ai_launchpad_video_page":false,"_wpcom_ai_launchpad_portfolio_piece":false,"footnotes":""},"class_list":["post-1314","page","type-page","status-publish","hentry"],"jetpack_likes_enabled":true,"jetpack_shortlink":"https:\/\/wp.me\/PfO3hG-lc","jetpack-related-posts":[{"id":1360,"url":"https:\/\/damlazenar.com\/fr\/dentisterie-pediatrique-pedodontie\/","url_meta":{"origin":1314,"position":0},"title":"Dentisterie p\u00e9diatrique (p\u00e9dodontie)","author":"Damla Zenar","date":"29 mai 2024","format":false,"excerpt":"Tout comme les dents permanentes, les dents de lait peuvent se carier pendant l'enfance en raison d'une mauvaise hygi\u00e8ne bucco-dentaire. Il arrive que des fractures se produisent sur les dents de lait en raison de facteurs externes tels que des chutes ou des chocs, et qu'un traitement soit n\u00e9cessaire. Les\u2026","rel":"","context":"Article similaire","block_context":{"text":"Article similaire","link":""},"img":{"alt_text":"","src":"https:\/\/i0.wp.com\/damlazenar.com\/wp-content\/uploads\/2024\/05\/3-6.jpg?resize=350%2C200&ssl=1","width":350,"height":200,"srcset":"https:\/\/i0.wp.com\/damlazenar.com\/wp-content\/uploads\/2024\/05\/3-6.jpg?resize=350%2C200&ssl=1 1x, https:\/\/i0.wp.com\/damlazenar.com\/wp-content\/uploads\/2024\/05\/3-6.jpg?resize=525%2C300&ssl=1 1.5x, https:\/\/i0.wp.com\/damlazenar.com\/wp-content\/uploads\/2024\/05\/3-6.jpg?resize=700%2C400&ssl=1 2x"},"classes":[]},{"id":1252,"url":"https:\/\/damlazenar.com\/fr\/orthodontie-traitement-par-appareil-dentaire\/","url_meta":{"origin":1314,"position":1},"title":"Orthodontie (traitement par appareil dentaire)","author":"Damla Zenar","date":"29 mai 2024","format":false,"excerpt":"L'orthodontie est la branche de l'odontologie qui s'occupe du diagnostic et du traitement des irr\u00e9gularit\u00e9s dentaires et faciales. Contrairement \u00e0 la pratique g\u00e9n\u00e9rale de l'odontologie, il s'agit d'une branche de la science avec des proc\u00e9dures de traitement plus sp\u00e9cifiques et qui doivent \u00eatre appliqu\u00e9es par des sp\u00e9cialistes de cette branche.\u2026","rel":"","context":"Article similaire","block_context":{"text":"Article similaire","link":""},"img":{"alt_text":"","src":"https:\/\/i0.wp.com\/damlazenar.com\/wp-content\/uploads\/2024\/05\/1-1.jpg?fit=900%2C620&ssl=1&resize=350%2C200","width":350,"height":200,"srcset":"https:\/\/i0.wp.com\/damlazenar.com\/wp-content\/uploads\/2024\/05\/1-1.jpg?fit=900%2C620&ssl=1&resize=350%2C200 1x, https:\/\/i0.wp.com\/damlazenar.com\/wp-content\/uploads\/2024\/05\/1-1.jpg?fit=900%2C620&ssl=1&resize=525%2C300 1.5x, https:\/\/i0.wp.com\/damlazenar.com\/wp-content\/uploads\/2024\/05\/1-1.jpg?fit=900%2C620&ssl=1&resize=700%2C400 2x"},"classes":[]},{"id":1109,"url":"https:\/\/damlazenar.com\/fr\/traitement-dentaire-prothetique\/","url_meta":{"origin":1314,"position":2},"title":"Traitement dentaire proth\u00e9tique","author":"Damla Zenar","date":"29 mai 2024","format":false,"excerpt":"Les couronnes et ponts dentaires Dans les cas o\u00f9 les implants ne conviennent pas ou sont pr\u00e9f\u00e9rables pour les caries dentaires form\u00e9es apr\u00e8s la perte des dents, les ponts dentaires ; En cas de dommages excessifs aux dents, les couronnes dentaires sont une option appropri\u00e9e pour corriger le sourire et\u2026","rel":"","context":"Article similaire","block_context":{"text":"Article similaire","link":""},"img":{"alt_text":"","src":"https:\/\/i0.wp.com\/damlazenar.com\/wp-content\/uploads\/2024\/05\/1-21.jpg?fit=900%2C620&ssl=1&resize=350%2C200","width":350,"height":200,"srcset":"https:\/\/i0.wp.com\/damlazenar.com\/wp-content\/uploads\/2024\/05\/1-21.jpg?fit=900%2C620&ssl=1&resize=350%2C200 1x, https:\/\/i0.wp.com\/damlazenar.com\/wp-content\/uploads\/2024\/05\/1-21.jpg?fit=900%2C620&ssl=1&resize=525%2C300 1.5x, https:\/\/i0.wp.com\/damlazenar.com\/wp-content\/uploads\/2024\/05\/1-21.jpg?fit=900%2C620&ssl=1&resize=700%2C400 2x"},"classes":[]},{"id":1182,"url":"https:\/\/damlazenar.com\/fr\/procedures-chirurgicales-et-implants\/","url_meta":{"origin":1314,"position":3},"title":"Proc\u00e9dures chirurgicales et implants","author":"Damla Zenar","date":"29 mai 2024","format":false,"excerpt":"Les proc\u00e9dures chirurgicales dans notre clinique ; la chirurgie buccale, dentaire et maxillo-faciale sont effectu\u00e9es par nos m\u00e9decins sp\u00e9cialistes. Les interventions chirurgicales sont pratiqu\u00e9es sous anesth\u00e9sie locale dans notre clinique ou sous s\u00e9dation\/anesth\u00e9sie g\u00e9n\u00e9rale dans les h\u00f4pitaux sous contrat, en fonction du type d'intervention \u00e0 effectuer et des pr\u00e9f\u00e9rences de\u2026","rel":"","context":"Article similaire","block_context":{"text":"Article similaire","link":""},"img":{"alt_text":"","src":"https:\/\/i0.wp.com\/damlazenar.com\/wp-content\/uploads\/2024\/05\/1-25.jpg?fit=900%2C620&ssl=1&resize=350%2C200","width":350,"height":200,"srcset":"https:\/\/i0.wp.com\/damlazenar.com\/wp-content\/uploads\/2024\/05\/1-25.jpg?fit=900%2C620&ssl=1&resize=350%2C200 1x, https:\/\/i0.wp.com\/damlazenar.com\/wp-content\/uploads\/2024\/05\/1-25.jpg?fit=900%2C620&ssl=1&resize=525%2C300 1.5x, https:\/\/i0.wp.com\/damlazenar.com\/wp-content\/uploads\/2024\/05\/1-25.jpg?fit=900%2C620&ssl=1&resize=700%2C400 2x"},"classes":[]},{"id":1352,"url":"https:\/\/damlazenar.com\/fr\/esthetique-gingivale\/","url_meta":{"origin":1314,"position":4},"title":"Esth\u00e9tique gingivale","author":"Damla Zenar","date":"29 mai 2024","format":false,"excerpt":"La sant\u00e9 et l'aspect visuel du tissu gingival entourant la dent sont aussi importants que l'aspect des dents en termes d'esth\u00e9tique. Quelle que soit la beaut\u00e9 de nos dents, une mauvaise sant\u00e9 ou un probl\u00e8me esth\u00e9tique au niveau des gencives donnera toujours une image n\u00e9gative. Le probl\u00e8me le plus courant\u2026","rel":"","context":"Article similaire","block_context":{"text":"Article similaire","link":""},"img":{"alt_text":"","src":"https:\/\/i0.wp.com\/damlazenar.com\/wp-content\/uploads\/2024\/05\/2-1.jpg?resize=350%2C200&ssl=1","width":350,"height":200,"srcset":"https:\/\/i0.wp.com\/damlazenar.com\/wp-content\/uploads\/2024\/05\/2-1.jpg?resize=350%2C200&ssl=1 1x, https:\/\/i0.wp.com\/damlazenar.com\/wp-content\/uploads\/2024\/05\/2-1.jpg?resize=525%2C300&ssl=1 1.5x, https:\/\/i0.wp.com\/damlazenar.com\/wp-content\/uploads\/2024\/05\/2-1.jpg?resize=700%2C400&ssl=1 2x"},"classes":[]},{"id":1178,"url":"https:\/\/damlazenar.com\/fr\/soins-dentaires-pour-les-personnes-handicapees\/","url_meta":{"origin":1314,"position":5},"title":"Soins dentaires pour les personnes handicap\u00e9es","author":"Damla Zenar","date":"29 mai 2024","format":false,"excerpt":"Il est important de disposer d'un environnement clinique dot\u00e9 d'un \u00e9quipement sp\u00e9cial pour le traitement dentaire des personnes handicap\u00e9es, \u00e0 la fois pour le confort du patient et pour la meilleure prestation de services de traitement. Le fauteuil de dentiste de notre clinique, o\u00f9 nos patients handicap\u00e9s seront trait\u00e9s, est\u2026","rel":"","context":"Article similaire","block_context":{"text":"Article similaire","link":""},"img":{"alt_text":"","src":"https:\/\/i0.wp.com\/damlazenar.com\/wp-content\/uploads\/2024\/05\/1-23.jpg?resize=350%2C200&ssl=1","width":350,"height":200,"srcset":"https:\/\/i0.wp.com\/damlazenar.com\/wp-content\/uploads\/2024\/05\/1-23.jpg?resize=350%2C200&ssl=1 1x, https:\/\/i0.wp.com\/damlazenar.com\/wp-content\/uploads\/2024\/05\/1-23.jpg?resize=525%2C300&ssl=1 1.5x, https:\/\/i0.wp.com\/damlazenar.com\/wp-content\/uploads\/2024\/05\/1-23.jpg?resize=700%2C400&ssl=1 2x"},"classes":[]}],"jetpack_sharing_enabled":true,"_links":{"self":[{"href":"https:\/\/damlazenar.com\/fr\/wp-json\/wp\/v2\/pages\/1314","targetHints":{"allow":["GET"]}}],"collection":[{"href":"https:\/\/damlazenar.com\/fr\/wp-json\/wp\/v2\/pages"}],"about":[{"href":"https:\/\/damlazenar.com\/fr\/wp-json\/wp\/v2\/types\/page"}],"author":[{"embeddable":true,"href":"https:\/\/damlazenar.com\/fr\/wp-json\/wp\/v2\/users\/251217416"}],"replies":[{"embeddable":true,"href":"https:\/\/damlazenar.com\/fr\/wp-json\/wp\/v2\/comments?post=1314"}],"version-history":[{"count":1,"href":"https:\/\/damlazenar.com\/fr\/wp-json\/wp\/v2\/pages\/1314\/revisions"}],"predecessor-version":[{"id":1315,"href":"https:\/\/damlazenar.com\/fr\/wp-json\/wp\/v2\/pages\/1314\/revisions\/1315"}],"wp:attachment":[{"href":"https:\/\/damlazenar.com\/fr\/wp-json\/wp\/v2\/media?parent=1314"}],"curies":[{"name":"wp","href":"https:\/\/api.w.org\/{rel}","templated":true}]}}

<figure class="wp-block-image size-full is-resized"><img data-recalc-dims="1" fetchpriority="high" decoding="async" width="900" height="620" src="https://i0.wp.com/damlazenar.com/wp-content/uploads/2024/05/1-9.jpg?resize=900%2C620&#038;ssl=1" alt="" class="wp-image-138" style="width:736px;height:auto" srcset="https://i0.wp.com/damlazenar.com/wp-content/uploads/2024/05/1-9.jpg?w=900&amp;ssl=1 900w, https://i0.wp.com/damlazenar.com/wp-content/uploads/2024/05/1-9.jpg?resize=300%2C207&amp;ssl=1 300w, https://i0.wp.com/damlazenar.com/wp-content/uploads/2024/05/1-9.jpg?resize=768%2C529&amp;ssl=1 768w" sizes="(max-width: 900px) 100vw, 900px" /></figure>

<p class="wp-block-paragraph">L&rsquo;application du <strong>spa dentaire</strong> est réalisée pour une haleine fraîche, des dents blanches et des gencives saines.</p>

<p class="wp-block-paragraph"><strong>Traitement de spa dentaire ;  </strong></p>

<p class="wp-block-paragraph">Grâce à la caméra spécialement conçue pour le diagnostic des caries, vos éventuelles caries peuvent être diagnostiquées sans qu&rsquo;il soit nécessaire d&rsquo;utiliser un film. Là encore, des caméras intra-orales spécialement conçues permettent de déterminer s&rsquo;il existe des maladies gingivales. À la lumière de ces informations, un plan de traitement personnalisé est établi en recourant, si nécessaire, à des systèmes d&rsquo;imagerie.</p>

<p class="wp-block-paragraph">Dans la limite des besoins ;</p>

<ul class="wp-block-list">
<li>Les calculs dentaires sont nettoyés.</li>



<li>La poche gingivale est lavée avec des solutions spéciales et le tartre et la plaque dans cette zone sont complètement éliminés.</li>



<li>En massant les gencives avec des solutions spéciales, les tissus morts sont nettoyés et les gencives sont rafraîchies.</li>



<li>Un traitement de blanchiment des dents est appliqué.</li>
</ul>

<p class="wp-block-paragraph"><br/>A la fin du traitement, le patient peut sentir le <strong>rafraîchissement</strong> dans la bouche très confortablement et a un <strong>sourire blanc</strong>.</p>

<p class="wp-block-paragraph"></p>

<p>L&rsquo;application du spa dentaire est réalisée pour une haleine fraîche, des dents blanches et des gencives saines. Traitement de spa dentaire ; Grâce à la caméra spécialement conçue pour le diagnostic des caries, vos éventuelles caries peuvent être diagnostiquées sans qu&rsquo;il soit nécessaire d&rsquo;utiliser un film. Là encore, des caméras intra-orales spécialement conçues permettent de [&hellip;]</p>

Dentisterie pédiatrique (pédodontie)

Tout comme les dents permanentes, les dents de lait peuvent se carier pendant l'enfance en raison d'une mauvaise hygiène bucco-dentaire. Il arrive que des fractures se produisent sur les dents de lait en raison de facteurs externes tels que des chutes ou des chocs, et qu'un traitement soit nécessaire. Les…

L'orthodontie est la branche de l'odontologie qui s'occupe du diagnostic et du traitement des irrégularités dentaires et faciales. Contrairement à la pratique générale de l'odontologie, il s'agit d'une branche de la science avec des procédures de traitement plus spécifiques et qui doivent être appliquées par des spécialistes de cette branche.…

Traitement dentaire prothétique

Les couronnes et ponts dentaires Dans les cas où les implants ne conviennent pas ou sont préférables pour les caries dentaires formées après la perte des dents, les ponts dentaires ; En cas de dommages excessifs aux dents, les couronnes dentaires sont une option appropriée pour corriger le sourire et…

Procédures chirurgicales et implants

Les procédures chirurgicales dans notre clinique ; la chirurgie buccale, dentaire et maxillo-faciale sont effectuées par nos médecins spécialistes. Les interventions chirurgicales sont pratiquées sous anesthésie locale dans notre clinique ou sous sédation/anesthésie générale dans les hôpitaux sous contrat, en fonction du type d'intervention à effectuer et des préférences de…

Esthétique gingivale

La santé et l'aspect visuel du tissu gingival entourant la dent sont aussi importants que l'aspect des dents en termes d'esthétique. Quelle que soit la beauté de nos dents, une mauvaise santé ou un problème esthétique au niveau des gencives donnera toujours une image négative. Le problème le plus courant…

Soins dentaires pour les personnes handicapées

Il est important de disposer d'un environnement clinique doté d'un équipement spécial pour le traitement dentaire des personnes handicapées, à la fois pour le confort du patient et pour la meilleure prestation de services de traitement. Le fauteuil de dentiste de notre clinique, où nos patients handicapés seront traités, est…
